y 67?
29
What is the remainder when 61714 is divided by 21?
16
Calculate the remainder when 223388 is divided by 537.
533
Calculate the remainder when 11777 is divided by 63.
59
What is the remainder when 8660 is divided by 8658?
2
Calculate the remainder when 11789 is divided by 563.
529
What is the remainder when 194485 is divided by 723?
721
Calculate the remainder when 108895 is divided by 72.
31
What is the remainder when 624 is divided by 293?
38
Calculate the remainder when 17868 is divided by 169.
123
What is the remainder when 8513 is divided by 11?
10
What is the remainder when 26688 is divided by 48?
0
Calculate the remainder when 1698 is divided by 384.
162
What is the remainder when 42753 is divided by 994?
11
What is the remainder when 8891 is divided by 808?
3
Calculate the remainder when 224222 is divided by 98.
96
Calculate the remainder when 34054 is divided by 695.
694
What is the remainder when 32306 is divided by 4?
2
What is the remainder when 3481 is divided by 3363?
118
What is the remainder when 23315 is divided by 4661?
10
Calculate the remainder when 5464 is divided by 44.
8
Calculate the remainder when 4173316 is divided by 181.
180
Calculate the remainder when 215077 is divided by 352.
5
Calculate the remainder when 8276 is divided by 148.
136
What is the remainder when 5694 is divided by 326?
152
What is the remainder when 6451 is divided by 882?
277
Calculate the remainder when 18043 is divided by 79.
31
Calculate the remainder when 41637 is divided by 5923.
176
Calculate the remainder when 136884 is divided by 68433.
18
Calculate the remainder when 1541 is divided by 517.
507
Calculate the remainder when 454 is divided by 103.
42
Calculate the remainder when 1155 is divided by 116.
111
What is the remainder when 41209 is divided by 41?
4
Calculate the remainder when 383 is divided by 207.
176
What is the remainder when 4335 is divided by 158?
69
Calculate the remainder when 484663 is divided by 242293.
77
What is the remainder when 49260 is divided by 55?
35
What is the remainder when 37437 is divided by 60?
57
What is the remainder when 3062 is divided by 295?
112
What is the remainder when 10018 is divided by 130?
8
Calculate the remainder when 5148 is divided by 46.
42
What is the remainder when 93804 is divided by 365?
364
Calculate the remainder when 12103 is divided by 270.
223
Calculate the remainder when 678028 is divided by 387.
4
What is the remainder when 3120 is divided by 663?
468
Calculate the remainder when 12431 is divided by 654.
5
What is the remainder when 6328 is divided by 1054?
4
What is the remainder when 4865 is divided by 23?
12
What is the remainder when 732 is divided by 368?
364
Calculate the remainder when 2561 is divided by 100.
61
Calculate the remainder when 7897 is divided by 693.
274
Calculate the remainder when 42343 is divided by 3256.
15
What is the remainder when 2611 is divided by 9?
1
What is the remainder when 2137 is divided by 38?
9
Calculate the remainder when 125569 is divided by 322.
311
What is the remainder when 1385 is divided by 575?
235
Calculate the remainder when 292446 is divided by 148.
146
What is the remainder when 154838 is divided by 25799?
44
Calculate the remainder when 1197 is divided by 230.
47
Calculate the remainder when 34402 is divided by 78.
4
Calculate the remainder when 133378 is divided by 33344.
2
Calculate the remainder when 64 is divided by 20.
4
Calculate the remainder when 8469 is divided by 83.
3
What is the remainder when 240788 is divided by 344?
332
What is the remainder when 51414 is divided by 25704?
6
Calculate the remainder when 8182 is divided by 2567.
481
Calculate the remainder when 109718 is divided by 2070.
8
What is the remainder when 10584 is divided by 10133?
451
Calculate the remainder when 36389 is divided by 51.
26
What is the remainder when 3379 is divided by 3359?
20
Calculate the remainder when 9282 is divided by 26.
0
What is the remainder when 3110 is divided by 184?
166
What is the remainder when 69228 is divided by 805?
803
Calculate the remainder when 75139 is divided by 1368.
1267
Calculate the remainder when 37275 is divided by 109.
106
What is the remainder when 99308 is divided by 49654?
0
What is the remainder when 2842 is divided by 701?
38
What is the remainder when 15207 is divided by 3796?
23
Calculate the remainder when 1013038 is divided by 21.
19
Calculate the remainder when 13094 is divided by 113.
99
Calculate the remainder when 7601 is divided by 25.
1
Calculate the remainder when 88912 is divided by 88903.
9
Calculate the remainder when 269 is divided by 160.
109
What is the remainder when 5580 is divided by 143?
3
What is the remainder when 160602 is divided by 215?
212
What is the remainder when 12796 is divided by 1199?
806
Calculate the remainder when 48857 is divided by 537.
527
Calculate the remainder when 110791 is divided by 22.
21
Calculate the remainder when 127588 is divided by 11.
10
Calculate the remainder when 761 is divided by 280.
201
Calculate the remainder when 76100 is divided by 4756.
4
Calculate the remainder when 15352 is divided by 12.
4
Calculate the remainder when 99957 is divided by 526.
17
Calculate the remainder when 13328 is divided by 672.
560
Calculate the remainder when 7793 is divided by 1113.
2
Calculate the remainder when 611522 is divided by 639.
638
What is the remainder when 162 is divided by 137?
25
Calculate the remainder when 2276 is divided by 1081.
114
Calculate the remainder when 1145 is divided by 557.
31
What is the remainder when 2981 is divided by 277?
211
What is the remainder when 1376575 is divided by 688284?
7
Calculate the remainder when 9817 is divided by 5.
2
Calculate the remainder when 9165 is divided by 1521.
39
Calculate the remainder when 1162248 is divided by 396.
384
Calculate the remainder when 213620 is divided by 145.
35
Calculate the remainder when 20941 is divided by 499.
482
Calculate the remainder when 2894 is divided by 117.
86
What is the remainder when 153085 is divided by 832?
829
What is the remainder when 6166 is divided by 77?
6
What is the remainder when 160480 is divided by 53493?
1
What is the remainder when 69878 is divided by 641?
9
Calculate the remainder when 120005 is divided by 9231.
2
What is the remainder when 1360 is divided by 1355?
5
What is the remainder when 29466 is divided by 2455?
6
Calculate the remainder when 1518 is divided by 239.
84
Calculate the remainder when 42733 is divided by 39.
28
Calculate the remainder when 94358 is divided by 10483.
11
What is the remainder when 27341 is divided by 1362?
101
What is the remainder when 6597 is divided by 336?
213
What is the remainder when 346434 is divided by 965?
964
What is the remainder when 43301 is divided by 66?
5
What is the remainder when 2917 is divided by 434?
313
Calculate the remainder when 1430 is divided by 706.
18
What is the remainder when 6941 is divided by 3466?
9
What is the remainder when 1056 is divided by 521?
14
What is the remainder when 10307 is divided by 259?
206
What is the remainder when 3845 is divided by 948?
53
What is the remainder when 158946 is divided by 87?
84
What is the remainder when 11530 is divided by 3843?
1
What is the remainder when 13072 is divided by 1825?
297
What is the remainder when 73509 is divided by 12?
9
Calculate the remainder when 1838 is divided by 605.
23
What is the remainder when 13102 is divided by 57?
49
What is the remainder when 11424 is divided by 105?
84
Calculate the remainder when 7843 is divided by 186.
31
What is the remainder when 130266 is divided by 70?
66
Calculate the remainder when 7952 is divided by 1586.
22
What is the remainder when 705036 is divided by 612?
12
What is the remainder when 106258 is divided by 60?
58
What is the remainder when 12682 is divided by 614?
402
What is the remainder when 52172 is divided by 52104?
68
What is the remainder when 48356 is divided by 27?
26
What is the remainder when 13771 is divided by 3340?
411
Calculate the remainder when 293553 is divided by 60.
33
What is the remainder when 43859 is divided by 91?
88
What is the remainder when 20309 is divided by 396?
113
What is the remainder when 7175 is divided by 46?
45
Calculate the remain